ime?
True
Is 14178478 a prime number?
False
Is 297188123 a prime number?
False
Is 46919 a prime number?
True
Is 335759 a prime number?
False
Is 143199079 prime?
True
Is 22191407 a prime number?
False
Is 20705827 composite?
False
Is 45507257 prime?
True
Is 41451769 a prime number?
True
Is 4190767 a prime number?
False
Is 48485809 prime?
True
Is 798685 prime?
False
Is 1497653 composite?
False
Is 77629 a prime number?
False
Is 390541 prime?
False
Is 5540321 a composite number?
False
Is 118309553 composite?
True
Is 1571833 a prime number?
True
Is 77317 a composite number?
False
Is 72624529 prime?
False
Is 5599387 composite?
True
Is 102797677 a prime number?
False
Is 615338029 prime?
False
Is 5306815 a prime number?
False
Is 854558035 composite?
True
Is 4394783 composite?
False
Is 25638947 a prime number?
True
Is 872533 prime?
True
Is 3405718265 composite?
True
Is 3656557 a composite number?
True
Is 44277709 prime?
False
Is 25084777 a prime number?
True
Is 3525729 prime?
False
Is 12759421 a composite number?
False
Is 47637929 composite?
True
Is 80661863 a prime number?
True
Is 267630569 a prime number?
False
Is 117701867 a composite number?
False
Is 13276691 prime?
False
Is 22827899 a composite number?
True
Is 637697 a prime number?
False
Is 62697347 prime?
False
Is 24970721 a composite number?
False
Is 441029 a composite number?
False
Is 12576043 a prime number?
False
Is 5279459 composite?
True
Is 11994043 a composite number?
False
Is 8476201 composite?
True
Is 14934841 composite?
True
Is 1041557 a composite number?
True
Is 1695637 a composite number?
True
Is 4659619 prime?
True
Is 5222174 composite?
True
Is 3979279 a prime number?
False
Is 236237609 a composite number?
False
Is 420001313 a composite number?
True
Is 161826461 prime?
True
Is 17553197 a prime number?
False
Is 4565069 prime?
True
Is 175855189 a composite number?
True
Is 20948719 a composite number?
True
Is 22451899 composite?
True
Is 4743623 a composite number?
False
Is 69236767 composite?
True
Is 180375137 composite?
True
Is 59440427 a prime number?
False
Is 2880379 a composite number?
False
Is 66760115 a composite number?
True
Is 2569891 a composite number?
False
Is 21651929 a composite number?
True
Is 12963671 a prime number?
False
Is 168267763 composite?
False
Is 17679413 prime?
True
Is 8348297 prime?
False
Is 770453441 a prime number?
True
Is 317221873 a composite number?
False
Is 389687 composite?
False
Is 42856513 prime?
False
Is 6683689 a prime number?
True
Is 8881193 composite?
False
Is 19872231 prime?
False
Is 129740097 a prime number?
False
Is 4618153 prime?
True
Is 228322979 a prime number?
False
Is 429400967 prime?
False
Is 3775679 prime?
True
Is 12061339 prime?
False
Is 45717523 prime?
False
Is 237361 a prime number?
True
Is 23053733 a prime number?
True
Is 15481859 prime?
True
Is 1063523 prime?
True
Is 3044803 composite?
False
Is 25682183 composite?
False
Is 10053403 composite?
True
Is 728657 a prime number?
False
Is 208687459 a composite number?
False
Is 613088063 a prime number?
False
Is 31799957 a prime number?
False
Is 11480099 a composite number?
False
Is 139033093 a prime number?
False
Is 23640943 a composite number?
False
Is 3709543 a composite number?
True
Is 877271 a composite number?
True
Is 25796021 a composite number?
True
Is 284208059 prime?
True
Is 323783239 composite?
True
Is 193256911 composite?
False
Is 345337 a composite number?
True
Is 62331881 a composite number?
False
Is 82756979 prime?
False
Is 11098753 composite?
False
Is 237371359 prime?
True
Is 439399 a prime number?
False
Is 1228837 a composite number?
False
Is 2183827 a prime number?
False
Is 3646441 a prime number?
True
Is 6185161 a composite number?
True
Is 35352337 a prime number?
True
Is 5778277 composite?
False
Is 18830261 prime?
False
Is 2304179 composite?
False
Is 24403009 a composite number?
False
Is 12290807 a composite number?
True
Is 115603861 composite?
False
Is 3636029 composite?
True
Is 111992507 prime?
False
Is 2571997 a composite number?
True
Is 123823759 prime?
False
Is 1785239 a prime number?
False
Is 139548463 prime?
True
Is 80777467 prime?
True
Is 7883741 prime?
True
Is 16016203 a prime number?
False
Is 3386429 prime?
False
Is 8638361 composite?
True
Is 112704799 a composite number?
False
Is 5817727 a prime number?
False
Is 21348893 prime?
True
Is 6089713 composite?
True
Is 85139 a composite number?
True
Is 94109237 composite?
False
Is 12650639 composite?
False
Is 222007803 a prime number?
False
Is 2671069 a composite number?
True
Is 42779119 composite?
True
Is 5003822 composite?
True
Is 380983 a composite number?
False
Is 575573 prime?
True
Is 224869 a composite number?
False
Is 133336361 a prime number?
True
Is 30960287 composite?
False
Is 8397262 prime?
False
Is 10201082 composite?
True
Is 45930382 a composite number?
True
Is 48722549 a prime number?
False
Is 15777799 prime?
False
Is 229217 a composite number?
False
Is 2601745 prime?
False
Is 10741019 a composite number?
False
Is 1259155 a composite number?
True
Is 1207574083 a composite number?
True
Is 27066121 a composite number?
False
Is 2948223 a prime number?
False
Is 68325821 prime?
True
Is 11088067 a prime number?
False
Is 44704349 a composite number?
False
Is 102013333 prime?
False
Is 2884505287 prime?
True
Is 5430493 a composite number?
False
Is 1744423 a composite number?
False
Is 568792141 a prime number?
True
Is 3528731 a composite number?
True
Is 9694363 prime?
False
Is 189472729 a prime number?
True
Is 53242619 composite?
False
Is 8100527 a composite number?
True
Is 10842563 a composite number?
True
Is 152921621 composite?
True
Is 100938059 composite?
False
Is 1984397 a composite number?
False
Is 16638749 prime?
True
Is 18536537 prime?
False
Is 24702551 prime?
True
Is 2993383 a prime number?
False
Is 115489 a composite number?
True
Is 212748577 a prime number?
True
Is 256547033 a prime number?
True
Is 3538641 a prime number?
False
Is 3263791 a composite number?
False
Is 21818294 a composite number?
True
Is 11119739 prime?
False
Is 208483621 prime?
True
Is 290375743 composite?
True
Is 91885939 composite?
True
Is 24654887 composite?
False
Is 7236001 a composite number?
False
Is 4442203 prime?
False
Is 21239389 prime?
False
Is 78847421 a prime number?
False
Is 8209897 a composite number?
True
Is 35903411 composite?
False
Is 30461 a prime number?
False
Is 49985781 composite?
True
Is 276442351 prime?
True
Is 9358927 prime?
False
Is 8479667 a prime number?
False
Is 16938133 a composite number?
True
Is 77192957 composite?
False
Is 6320645 prime?
False
Is 29154067 a composite number?
True
Is 308707177 prime?
True
Is 2814919 composite?
True
Is 1249135 a composite number?
True
Is 2172301 composite?
True
Is 1521434429 a composite number?
True
Is 441379 prime?
False
Is 1541329 a prime number?
False
Is 12287937 a prime number?
False
Is 1293583 composite?
False
Is 302274277 prime?
True
Is 787879 a prime number?
True
Is 235917077 composite?
True
Is 16699597 prime?
False
Is 8248841 a prime number?
True
Is 482179 a prime number?
True
Is 11099171 composite?
False
Is 2135447 a prime number?
True
Is 2083003 composite?
True
Is 2300939 a prime number?
False
Is 3225397 a composite number?
True
Is 3166897 a prime number?
True
Is 73579087 a composite number?
False
Is 20442581 a composite number?
False
Is 10787729 a prime number?
False
Is 27852031 a composite number?
True
Is 164631983 composite?
False
Is 11428751 a composite number?
False
Is 310206073 a prime number?
False
Is 1243093 a composite number?
False
Is 52981 composite?
False
Is 257500889 prime?
False
Is 37333909 prime?
False
Is 20039 a prime number?
False
Is 8652731 a prime number?
True
Is 377169623 a prime number?
False
Is 5206511 prime?
True
Is 29639429 composite?
False
Is 3929921 a prime number?
False
Is 7231379 prime?
False
Is 1264447 prime?
True
Is 1909079 prime?
True
Is 2073893 a prime number?
True
Is 6090753 prime?
False
Is 933591107 a composite number?
True
Is 34109741 a composite number?
True
Is 11761829 prime?
True
Is 31983283 prime?
True
Is 26524977 prime?
False
Is 1329493 a composite number?
True
Is 1414241 prime?
True
Is 1820894 composite?
True
Is 17736337 a prime number?
True
Is 47713219 composite?
True
Is 6914513 a composite number?
True
Is 60990331 pr